{"id":31,"date":"2014-09-14T09:21:57","date_gmt":"2014-09-14T09:21:57","guid":{"rendered":"http:\/\/localhost\/final-leisure\/?page_id=31"},"modified":"2017-04-11T22:19:11","modified_gmt":"2017-04-11T19:19:11","slug":"meeting-rooms","status":"publish","type":"page","link":"https:\/\/www.pensiuneambient.ro\/ro\/hotel_services\/meeting-rooms\/","title":{"rendered":"S\u0103li de Conferin\u021be"},"content":{"rendered":"<p>[vc_row disable_element=&#8221;yes&#8221;][vc_column width=&#8221;1\/2&#8243;][vc_column_text]<\/p>\n<h3><span style=\"color: #7c0021;\">Ambient&#8230;<\/span><span style=\"color: #7c0021;\">Un prieten de \u00eencredere pentru evenimentele dumneavoastr\u0103 cele mai importante!<\/span><\/h3>\n<p>Pentru o excelent\u0103 organizare a reuniunilor de afaceri, conferin\u0163elor, prezent\u0103rilor \u015fi altor evenimente speciale, v\u0103 oferim toate serviciile \u015fi facilit\u0103\u0163ile de care ave\u0163i nevoie \u015fi v\u0103 consiliem pentru a putea acoperi toate obiectivele stabilite pentru eveniment.<\/p>\n<p>Punem la dispozi\u0163ia dumneavoastr\u0103 2 s\u0103li de conferin\u0163e cu capacitate de modulare de p\u00e2n\u0103 la 28 sau 42 de persoane, ambele echipate cu proiector video, sisteme multimedia \u015fi flipchart. \u00cen completare, aceste s\u0103li sunt deservite de un salon pentru servirea pauzelor de cafea.[\/vc_column_text][\/vc_column][vc_column width=&#8221;1\/2&#8243; css=&#8221;.vc_custom_1472428572004{margin-top: -30px !important;}&#8221;][vc_images_carousel images=&#8221;6981&#8243; onclick=&#8221;link_no&#8221; speed=&#8221;8888&#8243; hide_pagination_control=&#8221;yes&#8221; hide_prev_next_buttons=&#8221;yes&#8221;][\/vc_column][\/vc_row][vc_row css=&#8221;.vc_custom_1491389214671{margin-top: -150px !important;margin-bottom: -200px !important;}&#8221;][vc_column css=&#8221;.vc_custom_1472428686171{margin-top: 20px !important;margin-bottom: 10px !important;}&#8221;][vc_separator color=&#8221;custom&#8221; style=&#8221;shadow&#8221; border_width=&#8221;3&#8243; accent_color=&#8221;#7c0021&#8243;][\/vc_column][\/vc_row][vc_row css=&#8221;.vc_custom_1472428714653{margin-top: -90px !important;margin-bottom: -90px !important;}&#8221;][vc_column css=&#8221;.vc_custom_1472334578536{margin-top: 60px !important;}&#8221;][vc_column_text]<\/p>\n<h2 style=\"text-align: center;\"><span style=\"color: #7c0021;\">\u00cempreun\u0103 pentru un eveniment de succes!<\/span><small><\/small><\/h2>\n<p>[\/vc_column_text][\/vc_column][\/vc_row][vc_row css=&#8221;.vc_custom_1472242805787{margin-top: -100px !important;}&#8221;][vc_column]<div class='services-carousel ' data-owl-items='2' data-owl-nav='false' data-owl-nav-text='[]' data-owl-loop='false' data-owl-autoplay='false' data-owl-speed='0' data-owl-hover='false' data-owl-mobile='1' data-owl-tablet='2' data-owl-dots='false'><div class='item'><a href=\"\/hotel_services\/meeting-rooms\/hall-1\/\" target=\"_self\" class=\"link-image\" title=\"Sala de Conferin\u021be 1\"><img loading=\"lazy\" decoding=\"async\" width=\"750\" height=\"469\" src=\"https:\/\/www.pensiuneambient.ro\/wp-content\/uploads\/2014\/09\/conferintepensiuneambient-3-768x480.jpg\" class=\"attachment-large size-large\" alt=\"\" srcset=\"https:\/\/www.pensiuneambient.ro\/wp-content\/uploads\/2014\/09\/conferintepensiuneambient-3-768x480.jpg 768w, https:\/\/www.pensiuneambient.ro\/wp-content\/uploads\/2014\/09\/conferintepensiuneambient-3-768x480-300x188.jpg 300w\" sizes=\"auto, (max-width: 750px) 100vw, 750px\" \/><\/a><div class=\"item-content\"><h4><a href=\"\/hotel_services\/meeting-rooms\/hall-1\/\" target=\"_self\">Sala de Conferin\u021be 1<\/a><\/h4><p>Capacitate pentru 42 de persoane<\/p><\/div><\/div><div class='item'><a href=\"\/hotel_services\/meeting-rooms\/hall-2\/\" target=\"_self\" class=\"link-image\" title=\"Sala de Conferin\u021be 2\"><img loading=\"lazy\" decoding=\"async\" width=\"750\" height=\"469\" src=\"https:\/\/www.pensiuneambient.ro\/wp-content\/uploads\/2014\/09\/conferinteambientpensiune-1-768x480.jpg\" class=\"attachment-large size-large\" alt=\"\" srcset=\"https:\/\/www.pensiuneambient.ro\/wp-content\/uploads\/2014\/09\/conferinteambientpensiune-1-768x480.jpg 768w, https:\/\/www.pensiuneambient.ro\/wp-content\/uploads\/2014\/09\/conferinteambientpensiune-1-768x480-300x188.jpg 300w\" sizes=\"auto, (max-width: 750px) 100vw, 750px\" \/><\/a><div class=\"item-content\"><h4><a href=\"\/hotel_services\/meeting-rooms\/hall-2\/\" target=\"_self\">Sala de Conferin\u021be 2<\/a><\/h4><p>Capacitate pentru 28 de persoane<\/p><\/div><\/div><\/div>[\/vc_column][\/vc_row][vc_row css=&#8221;.vc_custom_1472297937195{margin-top: -90px !important;margin-bottom: -300px !important;}&#8221;][vc_column][vc_separator color=&#8221;custom&#8221; style=&#8221;shadow&#8221; border_width=&#8221;3&#8243; accent_color=&#8221;#7c0021&#8243;][\/vc_column][\/vc_row][vc_row][vc_column][vc_raw_html]JTNDc2NyaXB0JTIwdHlwZSUzRCUyMnRleHQlMkZqYXZhc2NyaXB0JTIyJTIwc3JjJTNEJTIyaHR0cHMlM0ElMkYlMkZvcGVuLnVwcGVyYm9va2luZy5jb20lMkZhbWJpZW50cGVuc2l1bmUlMkZCb29raW5nLmpzJTNGbG9jYWxlJTNEcm8lMjIlM0UlM0MlMkZzY3JpcHQlM0U=[\/vc_raw_html][\/vc_column][\/vc_row]<\/p>","protected":false},"excerpt":{"rendered":"<p>[vc_row disable_element=&#8221;yes&#8221;][vc_column width=&#8221;1\/2&#8243;][vc_column_text] Ambient&#8230;Un prieten de \u00eencredere pentru evenimentele dumneavoastr\u0103 cele mai importante! Pentru o excelent\u0103 organizare a reuniunilor de [&hellip;]<\/p>\n","protected":false},"author":1,"featured_media":0,"parent":11,"menu_order":1,"comment_status":"closed","ping_status":"closed","template":"","meta":{"footnotes":""},"yst_prominent_words":[],"class_list":["post-31","page","type-page","status-publish","hentry"],"yoast_head":"<!-- This site is optimized with the Yoast SEO Premium plugin v14.0.2 - https:\/\/yoast.com\/wordpress\/plugins\/seo\/ -->\n<title>S\u0103li de Conferin\u021be - Ambient Pensiune https:\/\/www.pensiuneambient.ro\/en\/ne - Bra\u0219ov - Rezerv\u0103 la cel mai bun pre\u021b pentru propriet\u0103\u0163ile Ambient<\/title>\n<meta name=\"robots\" content=\"index, follow\" \/>\n<meta name=\"googlebot\" content=\"index, follow, max-snippet:-1, max-image-preview:large, max-video-preview:-1\" \/>\n<meta name=\"bingbot\" content=\"index, follow, max-snippet:-1, max-image-preview:large, max-video-preview:-1\" \/>\n<link rel=\"canonical\" href=\"https:\/\/www.pensiuneambient.ro\/es\/hotel_services\/meeting-rooms\/\" \/>\n<meta property=\"og:locale\" content=\"ro_RO\" \/>\n<meta property=\"og:type\" content=\"article\" \/>\n<meta property=\"og:title\" content=\"[:ro]S\u0103li de Conferin\u021be[:en]Conference Rooms[:es]Salas de Conferencias[:de]Konferenzr\u00e4ume[:] - Ambient Pensiune https:\/\/www.pensiuneambient.ro\/en\/ne - Bra\u0219ov - Rezerv\u0103 la cel mai bun pre\u021b pentru propriet\u0103\u0163ile Ambient\" \/>\n<meta property=\"og:description\" content=\"[vc_row disable_element=&#8221;yes&#8221;][vc_column width=&#8221;1\/2&#8243;][vc_column_text] Ambient&#8230;Un prieten de \u00eencredere pentru evenimentele dumneavoastr\u0103 cele mai importante! Pentru o excelent\u0103 organizare a reuniunilor de [&hellip;]\" \/>\n<meta property=\"og:url\" content=\"https:\/\/www.pensiuneambient.ro\/es\/hotel_services\/meeting-rooms\/\" \/>\n<meta property=\"og:site_name\" content=\"Ambient Pensiune https:\/\/www.pensiuneambient.ro\/en\/ne - Bra\u0219ov - Rezerv\u0103 la cel mai bun pre\u021b pentru propriet\u0103\u0163ile Ambient\" \/>\n<meta property=\"article:modified_time\" content=\"2017-04-11T19:19:11+00:00\" \/>\n<meta name=\"twitter:card\" content=\"summary_large_image\" \/>\n<script type=\"application\/ld+json\" class=\"yoast-schema-graph\">{\"@context\":\"https:\/\/schema.org\",\"@graph\":[{\"@type\":\"WebSite\",\"@id\":\"https:\/\/www.pensiuneambient.ro\/ro\/#website\",\"url\":\"https:\/\/www.pensiuneambient.ro\/ro\/\",\"name\":\"Ambient Pensiune https:\/\/www.pensiuneambient.ro\/en\/ne - Bra\\u0219ov - Rezerv\\u0103 la cel mai bun pre\\u021b pentru propriet\\u0103\\u0163ile Ambient\",\"description\":\"Site-ul oficial\",\"potentialAction\":[{\"@type\":\"SearchAction\",\"target\":\"https:\/\/www.pensiuneambient.ro\/ro\/?s={search_term_string}\",\"query-input\":\"required name=search_term_string\"}],\"inLanguage\":\"ro-RO\"},{\"@type\":\"WebPage\",\"@id\":\"https:\/\/www.pensiuneambient.ro\/es\/hotel_services\/meeting-rooms\/#webpage\",\"url\":\"https:\/\/www.pensiuneambient.ro\/es\/hotel_services\/meeting-rooms\/\",\"name\":\"[:ro]S\\u0103li de Conferin\\u021be[:en]Conference Rooms[:es]Salas de Conferencias[:de]Konferenzr\\u00e4ume[:] - Ambient Pensiune https:\/\/www.pensiuneambient.ro\/en\/ne - Bra\\u0219ov - Rezerv\\u0103 la cel mai bun pre\\u021b pentru propriet\\u0103\\u0163ile Ambient\",\"isPartOf\":{\"@id\":\"https:\/\/www.pensiuneambient.ro\/ro\/#website\"},\"datePublished\":\"2014-09-14T09:21:57+00:00\",\"dateModified\":\"2017-04-11T19:19:11+00:00\",\"inLanguage\":\"ro-RO\",\"potentialAction\":[{\"@type\":\"ReadAction\",\"target\":[\"https:\/\/www.pensiuneambient.ro\/es\/hotel_services\/meeting-rooms\/\"]}]}]}<\/script>\n<!-- \/ Yoast SEO Premium plugin. -->","_links":{"self":[{"href":"https:\/\/www.pensiuneambient.ro\/ro\/wp-json\/wp\/v2\/pages\/31","targetHints":{"allow":["GET"]}}],"collection":[{"href":"https:\/\/www.pensiuneambient.ro\/ro\/wp-json\/wp\/v2\/pages"}],"about":[{"href":"https:\/\/www.pensiuneambient.ro\/ro\/wp-json\/wp\/v2\/types\/page"}],"author":[{"embeddable":true,"href":"https:\/\/www.pensiuneambient.ro\/ro\/wp-json\/wp\/v2\/users\/1"}],"replies":[{"embeddable":true,"href":"https:\/\/www.pensiuneambient.ro\/ro\/wp-json\/wp\/v2\/comments?post=31"}],"version-history":[{"count":16,"href":"https:\/\/www.pensiuneambient.ro\/ro\/wp-json\/wp\/v2\/pages\/31\/revisions"}],"predecessor-version":[{"id":7602,"href":"https:\/\/www.pensiuneambient.ro\/ro\/wp-json\/wp\/v2\/pages\/31\/revisions\/7602"}],"up":[{"embeddable":true,"href":"https:\/\/www.pensiuneambient.ro\/ro\/wp-json\/wp\/v2\/pages\/11"}],"wp:attachment":[{"href":"https:\/\/www.pensiuneambient.ro\/ro\/wp-json\/wp\/v2\/media?parent=31"}],"wp:term":[{"taxonomy":"yst_prominent_words","embeddable":true,"href":"https:\/\/www.pensiuneambient.ro\/ro\/wp-json\/wp\/v2\/yst_prominent_words?post=31"}],"curies":[{"name":"wp","href":"https:\/\/api.w.org\/{rel}","templated":true}]}}

Săli de Conferințe

<p>[vc_row disable_element=&#8221;yes&#8221;][vc_column width=&#8221;1/2&#8243;][vc_column_text]</p>
<h3><span style="color: #7c0021;">Ambient&#8230;</span><span style="color: #7c0021;">Un prieten de încredere pentru evenimentele dumneavoastră cele mai importante!</span></h3>
<p>Pentru o excelentă organizare a reuniunilor de afaceri, conferinţelor, prezentărilor şi altor evenimente speciale, vă oferim toate serviciile şi facilităţile de care aveţi nevoie şi vă consiliem pentru a putea acoperi toate obiectivele stabilite pentru eveniment.</p>
<p>Punem la dispoziţia dumneavoastră 2 săli de conferinţe cu capacitate de modulare de până la 28 sau 42 de persoane, ambele echipate cu proiector video, sisteme multimedia şi flipchart. În completare, aceste săli sunt deservite de un salon pentru servirea pauzelor de cafea.[/vc_column_text][/vc_column][vc_column width=&#8221;1/2&#8243; css=&#8221;.vc_custom_1472428572004{margin-top: -30px !important;}&#8221;][vc_images_carousel images=&#8221;6981&#8243; onclick=&#8221;link_no&#8221; speed=&#8221;8888&#8243; hide_pagination_control=&#8221;yes&#8221; hide_prev_next_buttons=&#8221;yes&#8221;][/vc_column][/vc_row][vc_row css=&#8221;.vc_custom_1491389214671{margin-top: -150px !important;margin-bottom: -200px !important;}&#8221;][vc_column css=&#8221;.vc_custom_1472428686171{margin-top: 20px !important;margin-bottom: 10px !important;}&#8221;][vc_separator color=&#8221;custom&#8221; style=&#8221;shadow&#8221; border_width=&#8221;3&#8243; accent_color=&#8221;#7c0021&#8243;][/vc_column][/vc_row][vc_row css=&#8221;.vc_custom_1472428714653{margin-top: -90px !important;margin-bottom: -90px !important;}&#8221;][vc_column css=&#8221;.vc_custom_1472334578536{margin-top: 60px !important;}&#8221;][vc_column_text]</p>
<h2 style="text-align: center;"><span style="color: #7c0021;">Împreună pentru un eveniment de succes!</span><small></small></h2>
<p>[/vc_column_text][/vc_column][/vc_row][vc_row css=&#8221;.vc_custom_1472242805787{margin-top: -100px !important;}&#8221;][vc_column]<div class='services-carousel ' data-owl-items='2' data-owl-nav='false' data-owl-nav-text='[]' data-owl-loop='false' data-owl-autoplay='false' data-owl-speed='0' data-owl-hover='false' data-owl-mobile='1' data-owl-tablet='2' data-owl-dots='false'><div class='item'><a href="/hotel_services/meeting-rooms/hall-1/" target="_self" class="link-image" title="Sala de Conferințe 1"><img loading="lazy" decoding="async" width="750" height="469" src="https://www.pensiuneambient.ro/wp-content/uploads/2014/09/conferintepensiuneambient-3-768x480.jpg" class="attachment-large size-large" alt="" srcset="https://www.pensiuneambient.ro/wp-content/uploads/2014/09/conferintepensiuneambient-3-768x480.jpg 768w, https://www.pensiuneambient.ro/wp-content/uploads/2014/09/conferintepensiuneambient-3-768x480-300x188.jpg 300w" sizes="auto, (max-width: 750px) 100vw, 750px" /></a><div class="item-content"><h4><a href="/hotel_services/meeting-rooms/hall-1/" target="_self">Sala de Conferințe 1</a></h4><p>Capacitate pentru 42 de persoane</p></div></div><div class='item'><a href="/hotel_services/meeting-rooms/hall-2/" target="_self" class="link-image" title="Sala de Conferințe 2"><img loading="lazy" decoding="async" width="750" height="469" src="https://www.pensiuneambient.ro/wp-content/uploads/2014/09/conferinteambientpensiune-1-768x480.jpg" class="attachment-large size-large" alt="" srcset="https://www.pensiuneambient.ro/wp-content/uploads/2014/09/conferinteambientpensiune-1-768x480.jpg 768w, https://www.pensiuneambient.ro/wp-content/uploads/2014/09/conferinteambientpensiune-1-768x480-300x188.jpg 300w" sizes="auto, (max-width: 750px) 100vw, 750px" /></a><div class="item-content"><h4><a href="/hotel_services/meeting-rooms/hall-2/" target="_self">Sala de Conferințe 2</a></h4><p>Capacitate pentru 28 de persoane</p></div></div></div>[/vc_column][/vc_row][vc_row css=&#8221;.vc_custom_1472297937195{margin-top: -90px !important;margin-bottom: -300px !important;}&#8221;][vc_column][vc_separator color=&#8221;custom&#8221; style=&#8221;shadow&#8221; border_width=&#8221;3&#8243; accent_color=&#8221;#7c0021&#8243;][/vc_column][/vc_row][vc_row][vc_column][vc_raw_html]JTNDc2NyaXB0JTIwdHlwZSUzRCUyMnRleHQlMkZqYXZhc2NyaXB0JTIyJTIwc3JjJTNEJTIyaHR0cHMlM0ElMkYlMkZvcGVuLnVwcGVyYm9va2luZy5jb20lMkZhbWJpZW50cGVuc2l1bmUlMkZCb29raW5nLmpzJTNGbG9jYWxlJTNEcm8lMjIlM0UlM0MlMkZzY3JpcHQlM0U=[/vc_raw_html][/vc_column][/vc_row]</p>

<p>[vc_row disable_element=&#8221;yes&#8221;][vc_column width=&#8221;1/2&#8243;][vc_column_text] Ambient&#8230;Un prieten de încredere pentru evenimentele dumneavoastră cele mai importante! Pentru o excelentă organizare a reuniunilor de [&hellip;]</p>

<!-- This site is optimized with the Yoast SEO Premium plugin v14.0.2 - https://yoast.com/wordpress/plugins/seo/ -->
<title>Săli de Conferințe - Ambient Pensiune https://www.pensiuneambient.ro/en/ne - Brașov - Rezervă la cel mai bun preț pentru proprietăţile Ambient</title>
<meta name="robots" content="index, follow" />
<meta name="googlebot" content="index, follow, max-snippet:-1, max-image-preview:large, max-video-preview:-1" />
<meta name="bingbot" content="index, follow, max-snippet:-1, max-image-preview:large, max-video-preview:-1" />
<link rel="canonical" href="https://www.pensiuneambient.ro/es/hotel_services/meeting-rooms/" />
<meta property="og:locale" content="ro_RO" />
<meta property="og:type" content="article" />
<meta property="og:title" content="[:ro]Săli de Conferințe[:en]Conference Rooms[:es]Salas de Conferencias[:de]Konferenzräume[:] - Ambient Pensiune https://www.pensiuneambient.ro/en/ne - Brașov - Rezervă la cel mai bun preț pentru proprietăţile Ambient" />
<meta property="og:description" content="[vc_row disable_element=&#8221;yes&#8221;][vc_column width=&#8221;1/2&#8243;][vc_column_text] Ambient&#8230;Un prieten de încredere pentru evenimentele dumneavoastră cele mai importante! Pentru o excelentă organizare a reuniunilor de [&hellip;]" />
<meta property="og:url" content="https://www.pensiuneambient.ro/es/hotel_services/meeting-rooms/" />
<meta property="og:site_name" content="Ambient Pensiune https://www.pensiuneambient.ro/en/ne - Brașov - Rezervă la cel mai bun preț pentru proprietăţile Ambient" />
<meta property="article:modified_time" content="2017-04-11T19:19:11+00:00" />
<meta name="twitter:card" content="summary_large_image" />
<script type="application/ld+json" class="yoast-schema-graph">{"@context":"https://schema.org","@graph":[{"@type":"WebSite","@id":"https://www.pensiuneambient.ro/ro/#website","url":"https://www.pensiuneambient.ro/ro/","name":"Ambient Pensiune https://www.pensiuneambient.ro/en/ne - Bra\u0219ov - Rezerv\u0103 la cel mai bun pre\u021b pentru propriet\u0103\u0163ile Ambient","description":"Site-ul oficial","potentialAction":[{"@type":"SearchAction","target":"https://www.pensiuneambient.ro/ro/?s={search_term_string}","query-input":"required name=search_term_string"}],"inLanguage":"ro-RO"},{"@type":"WebPage","@id":"https://www.pensiuneambient.ro/es/hotel_services/meeting-rooms/#webpage","url":"https://www.pensiuneambient.ro/es/hotel_services/meeting-rooms/","name":"[:ro]S\u0103li de Conferin\u021be[:en]Conference Rooms[:es]Salas de Conferencias[:de]Konferenzr\u00e4ume[:] - Ambient Pensiune https://www.pensiuneambient.ro/en/ne - Bra\u0219ov - Rezerv\u0103 la cel mai bun pre\u021b pentru propriet\u0103\u0163ile Ambient","isPartOf":{"@id":"https://www.pensiuneambient.ro/ro/#website"},"datePublished":"2014-09-14T09:21:57+00:00","dateModified":"2017-04-11T19:19:11+00:00","inLanguage":"ro-RO","potentialAction":[{"@type":"ReadAction","target":["https://www.pensiuneambient.ro/es/hotel_services/meeting-rooms/"]}]}]}</script>
<!-- / Yoast SEO Premium plugin. -->
